*o, 3 - w = -o + 5*q. What is the tens digit of o?
6
Let f(b) = b**3 + 8*b**2 + 5*b + 10. Let k be f(-8). Let p = -14 - k. What is the tens digit of 23 + (-3)/(12/p)?
1
Let o be (0 - 2)*4/8. Let h be (o/(-2))/(1/6). Suppose -4*a + 22 = -h*a. What is the units digit of a?
2
Let r(c) be the third derivative of -c**6/120 + c**5/20 - c**4/12 + 7*c**3/6 - 10*c**2 + c. Suppose -3*y + 2*y = 3. What is the units digit of r(y)?
7
Let q(x) = x**3 - x**2 + x + 22. Let v = 16 + 4. Let i be (v/(-8) - -2)*0. What is the units digit of q(i)?
2
Let s(c) = 21 - 9 - 2*c + 14. What is the units digit of s(-16)?
8
Suppose 3*z = -2*z + 2*q + 437, 0 = -2*z - 5*q + 169. What is the units digit of (z/2)/(3/12)?
4
Suppose 5*k + 1440 = 3*r, 6*r = 2*r + 4*k + 1920. Suppose 2*c + 2 = 0, 5*z + 2*c - r - 158 = 0. What is the tens digit of z?
2
Let c = 1 - -12. Let p(k) = c*k + 2 + 6*k - 4. What is the units digit of p(2)?
6
Let g be 24/10*(6 - 1). Suppose -3*x = 4*h + g, 3*h + 2*x - x = -4. Let l = h + 5. What is the units digit of l?
5
Let b(h) = 17*h + 1. Suppose 3*s - y + 4*y - 9 = 0, -5*s - 3 = -4*y. What is the units digit of b(s)?
8
Suppose 0 = 5*f - 15, 0 = s - 4*s + 2*f + 2298. What is the units digit of s?
8
Let d(j) = 2*j**2 - 16*j + 16. What is the tens digit of d(19)?
3
Let v(n) = -n - 3. Let o(q) = 4*q - 2. Let j be o(1). Suppose -66 = 4*d - 2*l, -j*l + 4 + 6 = 0. What is the tens digit of v(d)?
1
Let d(w) = 13*w**3 - w**2 + 5*w - 12. What is the hundreds digit of d(5)?
6
Let j(x) = 15*x + 1. Let n be j(5). Let f be -53 + (-3)/(-6)*6. Let w = f + n. What is the units digit of w?
6
Let k = -1904 - -4447. What is the tens digit of k?
4
Let n(x) = x**3 + 6*x**2 - 2*x - 4. Let f = 16 - 21. What is the tens digit of n(f)?
3
Suppose 5 = 2*u + 1, 0 = -5*k + 2*u + 96. Let d be 3/4 + (-135)/k. What is the units digit of 152/20 + d/(-15)?
8
Let f(o) = -4*o - 2. Let t be f(-6). Let u = t + -20. Suppose -9 = x + 5*m, u*m - 3*m + 15 = 3*x. What is the units digit of x?
6
Suppose 5*c - 10 = 5*m, -4*c + 18 = m - c. What is the units digit of m?
3
Let w be (-1)/(-5) - 474/(-30). Let j be -48 - (-12)/w*-4. What is the units digit of (-2)/((24/j)/4)?
7
Suppose -2*m = -23 + 7. What is the tens digit of (-179)/(-4) + (-6)/m?
4
Suppose 10*v - 413 = 3*v. Let d = v - -23. What is the units digit of d?
2
Let h(a) = 2288*a + 183. What is the thousands digit of h(1)?
2
Let c(j) = 11*j**2 - 4*j + 3. Let f(z) = -z**3 + 8*z**2 + 2*z - 12. Let s be f(8). Suppose -s = -0*o - 2*o. What is the tens digit of c(o)?
3
Let a(y) = 65*y. Let v be a(-1). Let n = 3 - v. What is the tens digit of n?
6
Suppose -r = -2*r + 2*w + 34, -5*w - 69 = -2*r. Suppose -h + r = 10. Suppose -2*j = -0*j - h. What is the units digit of j?
1
Suppose m + 502 = -4*d, 346 = -4*d - 5*m - 164. Let x = d - -387. What is the hundreds digit of x?
2
Suppose 0 = 191*l - 176*l - 21660. What is the hundreds digit of l?
4
Let s(i) = 2*i**3 - 6*i**2 + 4*i + 12. Let x(a) = 2*a**3 - 5*a**2 + 3*a + 11. Let w(t) = -4*s(t) + 5*x(t). What is the units digit of w(0)?
7
Suppose 1293*z + 18840 = 1305*z. What is the hundreds digit of z?
5
Let w = -944 - -2027. What is the tens digit of w?
8
Suppose 5*t + 1 - 21 = 0. Let g(k) = k - t + 8 + 0*k. What is the units digit of g(3)?
7
Let u = -3217 + 7975. What is the thousands digit of u?
4
Suppose 15 = -0*f + 5*f. Let m(n) = -67*n**2 + 4*n - 4. Let g be m(f). What is the tens digit of (8/10)/((-14)/g)?
3
Suppose -60900 = 487*z - 502*z. What is the hundreds digit of z?
0
Let u be 8/3 - 32/(-24). Suppose m - 2*m = -4*n + 163, -201 = -5*n + u*m. What is the units digit of n?
1
Let f = 27 - 23. Suppose f*m = 5*c - 151, 0*m + 8 = -2*m. What is the units digit of c?
7
Suppose 0*q - 749 = -7*q. What is the units digit of q?
7
Let h = 1117 - 565. What is the units digit of h?
2
What is the hundreds digit of (-401504)/(-224) - (-8)/14?
7
Suppose -2*p = -d - 15, 5*d - 4*p + 31 = -26. Let i(o) = 8 - 169*o**2 + 179*o**2 - 3*o**3 + 9*o + 4*o**3. What is the units digit of i(d)?
8
Suppose -2*i - 261 + 1031 = 0. What is the units digit of i?
5
Let x = 560 - 101. What is the tens digit of x?
5
Suppose 2*z + 102 = 4*o, -2*o - 3*z = -2*z - 41. Suppose 0 = s - 2*s + 5*v - 11, -5*s + 2*v = 32. Let n = o - s. What is the units digit of n?
9
Let r = -876 + 1330. What is the hundreds digit of r?
4
Let v = 35 - 23. Let i be 4*((-45)/v)/(-5). Suppose -i*s - 21 = -111. What is the units digit of s?
0
Suppose 36 = -0*h + 3*h + 3*q, -2*h + 34 = -3*q. Let m(u) = 5*u**3 - 6*u**3 + 0 + 11*u - 10*u**2 + h. What is the tens digit of m(-11)?
1
Let n be -6*-2*(-5)/30. Let p = n - -63. What is the tens digit of p?
6
Suppose 0 = 4*z + 76 + 8. What is the units digit of (3 - z) + -5 + 9?
8
Suppose -91226 = -35*i - 13946. What is the thousands digit of i?
2
What is the hundreds digit of (-162)/(-189) - (-10419)/21?
4
Suppose -5*u - 3*h + 2625 = -0*h, -3*u = 2*h - 1574. What is the hundreds digit of u?
5
Let m(r) = -173*r - 1506. What is the hundreds digit of m(-14)?
9
Suppose 4*o = -2*k - k + 62, 4*k - 2*o - 112 = 0. What is the tens digit of k?
2
Let d be 3 + 2 - (2 - -1). Suppose -3*i - 10 = -l, -d*l + 2*i = -2*i - 12. What is the units digit of (28/l)/((-14)/21)?
1
Suppose 18*o - 1416 = 15*o. What is the units digit of o?
2
Let p(t) be the first derivative of t**5/24 - t**4/8 + 4*t**3/3 - 3. Let l(q) be the third derivative of p(q). What is the tens digit of l(4)?
1
Let u(m) be the first derivative of 5 + 12*m + 1/2*m**2. What is the units digit of u(-5)?
7
Let n(l) = -l**2 - 24*l - 12. Let x be n(-13). Suppose 317 = 7*m - x. What is the units digit of m?
4
What is the units digit of -48*(1810/(-15) + 6)?
4
Let j = 3037 - -15. What is the units digit of j?
2
Let z be (30/5)/(-6*(-1)/8). What is the hundreds digit of z - 40/8 - -4*25?
1
Suppose 0 = -3*p + 2*u + 118, -5*u + 13 = -2*p + 88. What is the units digit of p?
0
Let a(h) = 26*h**2 + h. Let y be a(-1). Let f = 28 - y. Suppose 0 = -6*q + f*q + 15. What is the units digit of q?
5
Let j = 7 - 2. Suppose -j*m = -2*m - 204. Suppose 0*k = -5*k - 4*b + m, 4*b + 60 = 3*k. What is the tens digit of k?
1
Suppose -57 = -u - 34. Suppose -u*k = -17*k - 384. What is the tens digit of k?
6
Suppose 6*b = 4*b + 10. Suppose -a - 7 = h - 43, -b*a = h - 180. What is the units digit of a?
6
Suppose 2 + 26 = 7*j. What is the units digit of 3064/32 - (-1)/j?
6
Let o(t) = -t**3 - 18*t**2 - 18*t - 12. Let s be o(-17). Suppose -s*v - 12 = -v. What is the units digit of v + 7/((-21)/(-150))?
7
Suppose 0 = 5*f - 3*b - 1370, -15 = -2*b - 5. What is the tens digit of f?
7
Let v(t) = t**3 + 2*t**2 - 2*t - 2. Let n be v(-2). Let x = 215 - 213. Suppose -n*q = 3*h - 57, -h + x*q + 6 + 5 = 0. What is the tens digit of h?
1
Let o = -138 + 562. What is the units digit of o?
4
Let k(n) be the first derivative of n**4/12 - 8*n**3/3 + 3*n**2/2 - 4*n - 2. Let d(c) be the first derivative of k(c). What is the units digit of d(19)?
0
Let j = 73 + 669. What is the units digit of j?
2
What is the units digit of (-1)/(-3) + 31/(744/11968)?
9
Let y be (1/(-2)*0)/1. Suppose 4*v - v - 24 = y. Suppose 7 = 3*d - v. What is the units digit of d?
5
Suppose -s + 2*d = -244, 0 = -2*s + 4*s + 2*d - 518. What is the units digit of s?
4
Let a(u) be the third derivative of -u**5/60 + 11*u**4/24 - 11*u**3/6 + 11*u**2. What is the units digit of a(4)?
7
Let i(m) = 0*m + 53 - 10 - m - 15. What is the tens digit of i(8)?
2
Let z(g) = g**3 - 5*g**2 + g + 3. Let l be z(4). What is the tens digit of ((-6)/4)/(l/588)?
9
Let l be 2*(-2)/4*(-1 + -3). What is the units digit of 125 + (-8)/(-2) - l?
5
Let a be (8/3)/2*3. Suppose 2*n = 3*c - a*c + 100, -200 = -4*n + 4*c. Let x = n + -26. What is the units digit of x?
4
Let z = 609 + -237. What is the tens digit of z?
7
Let j = 1122 + -864. What is the tens digit of j?
5
Let a(g) = -18*g**2 + g + 6. Let z(l) = 1. Let u(p) = a(p) - 2*z(p). Let f be u(2). Let k = f + 101. What is the units digit of k?
5
Let b(x) = -45*x + 5. Let q be b(-4). Suppose 0 = -2*j + 4*r + 322, 2*j + 3*r - q = 165. Let h = -119 + j. What is the units digit of h?
0
Suppose 0*d - 3*d - c + 1073 = 0, 2*d - 2*c = 710. Let k = -142 + d. What is the units digit of k?
5
Let f(b) = 17*b**2 + b - 1. Let w be f(2). Suppose -3*v 